
9
Calculate (-177 - -165) + (0 - (-1 + -1)).
-10
What is the value of -17 + 3 + 34 + -26 - (-27 - 0)?
21
What is -1 + 25 + -14 + -19?
-9
What is the value of (-13 - -4) + (-4 - -12) + (1 - 12)?
-12
Calculate -13 + 2 - (-6 - (-5 + 7)) - 18.
-21
What is 20 + -45 - (1 + (-1 - (4 - 7)))?
-28
-11 + 14 + (0 + -2 - 4)
-3
Evaluate -10 + -3 - (-40 + 25).
2
Evaluate -10 - (-8 + 14 + -9) - -7.
0
What is -3 + 2 + (13 - (11 - (1 + 0)))?
2
Calculate (-9 - 9 - -26) + -3.
5
Evaluate 8 + (-1 - -2) + (-22 - 5) + 3.
-15
What is the value of 22 - (22 + 5) - -24?
19
What is the value of 0 + -10 - (12 + -8 - 12)?
-2
Calculate 12 + -73 - -18 - -20.
-23
Calculate -7 - ((-20 - -18) + -4 + 7 + -37).
29
What is the value of -13 + 5 + 8 - (3 + 15)?
-18
-5 - (-23 - (-6 - (-2 + -4)))
18
Calculate (-17 - 2) + 21 + -7.
-5
Evaluate (-2 - (-12 + 24)) + -18 - (0 + 2).
-34
Calculate 14 + (1 - (-5 + -8 - -6) - -1).
23
Calculate 2 - (5 - (-17 - -22)) - 17.
-15
Calculate 26 - (-4 + -2 + (5 + -11 - -9)).
29
What is -5 - ((-3 - -8) + -6)?
-4
What is the value of (4 - ((-4 - -12) + -2)) + -5?
-7
What is 7 - 4 - (2 - (3 - 5)) - 8?
-9
What is the value of -2 + 14 + (8 - 13) + 6?
13
Calculate 6 + -9 + (11 - 15).
-7
(-100 - -34 - -49) + (5 - 0)
-12
Calculate (3 - (16 - 10)) + 14 + -4 - 36.
-29
What is (-3 - -22) + -19 + (-21 - -1) + -4?
-24
Calculate 92 - 77 - (1 + -1) - (-9 + 13).
11
What is the value of 10 - ((-3 - (-9 + 4)) + -5)?
13
Evaluate 4 - (-7 + -9 + 19 + -9).
10
What is -7 + 17 + -19 - -6?
-3
Calculate -7 + 3 + 33 - (3 + 9 - 6).
23
What is 6 - ((-4 - (3 - (-3 - -7))) + 5)?
4
Calculate 2 + 1 + (2 - -2) + -13 + -5.
-11
What is the value of 12 + 0 + (10 - 10) + -10?
2
What is (47 - 32) + -3 + -2 + -26?
-16
Calculate 1 - (10 - 9) - -6.
6
What is 6 - -13 - (-3 - 13)?
35
What is (19 - (6 - 5)) + (2 - 2) + 4?
22
Calculate (-2 - -26) + (150 - 164).
10
What is -79 + 129 + (1 - 22)?
29
Evaluate 9 - (3 + (29 - 12)) - (3 - 0).
-14
Calculate (0 - 11) + -8 + 9 + (-19 - -6).
-23
Calculate 28 - -1 - ((48 - 22) + (14 - 36)).
25
What is 2 + 29 + -15 + -33?
-17
What is 16 + (-1 - (25 + -21))?
11
What is 1 - (-4 - (-19 - -15))?
1
Evaluate -11 - (-1 + -11 + 3 + -19).
17
(-4 - 8) + (-39 - -46)
-5
2 + -16 + (-6 - -12) + -4
-12
Evaluate (-8 - (0 - 21 - (-32 - -26))) + -19.
-12
Calculate -2 + -10 - (12 + -25).
1
Calculate (5 + 4 + -6 - 26) + 9.
-14
Calculate -8 + (17 - (-4 - -11)) + 0.
2
Calculate -8 + (10 - (8 - (-12 + 4 - -15))).
1
What is (3 - (9 - 8 - -1)) + -6?
-5
-13 + -1 + 3 + -21 + (-39 - -51)
-20
14 + (-4 - (2 + -1) - (-4 + -2))
15
-4 - (-18 - -12 - -14)
-12
-2 + (-11 - -11) + -2
-4
Evaluate -5 + -12 + 5 - (2 + -9).
-5
What is 2 + 2 - (18 + (38 - 35))?
-17
Evaluate (0 - (-6 + 3)) + 5 - (-2 + 12).
-2
Calculate (-3 - (-4 + (12 - (6 - 0)))) + 3.
-2
Calculate -6 - (2 - 7 - -1 - 1).
-1
((-2 - -1) + -1 - 2) + (142 - 128)
10
What is the value of -36 - -13 - -6 - -1?
-16
What is 1 + (8 - 3) + (0 - 7) + -3?
-4
What is the value of 8 + 2 + -6 + (4 - (-1 - 0))?
9
-43 - 1 - (-26 + 2)
-20
What is 0 - -9 - (-9 - (7 - 56)) - -6?
-25
What is 1 + -11 - (-115 + 94)?
11
1 - 1 - (1578 + -1618)
40
What is -7 + -11 + 11 + 10 + -2 + -13?
-12
What is 0 - 3 - (578 + -548)?
-33
(28 - 9) + -17 + -22 - (-1 + -3)
-16
Evaluate -2 - (11 + (0 - 8) + -3 - -5).
-7
What is 7 + (-1 - (20 + -5)) + 10?
1
Evaluate -1 + 3 + -110 + 96 - (-2 + -3).
-7
What is the value of -11 + (-10 - -7) + (1 - -1) + 6?
-6
What is the value of 8 + 4 + (6 - (3 - 4)) + -8?
11
What is -15 + (-8 - -19) - (-7 + 0)?
3
Evaluate (18 - ((-6 - -5) + 2)) + (16 - 18).
15
Calculate (-40 - (2 - 37)) + 34.
29
Calculate -8 + (1 - 3 - -2 - 1).
-9
-4 + 17 + -17 + (2 - (0 + -2))
0
What is the value of (3 - 3) + -472 + 465?
-7
(-36 - 1) + 1 - (-16 - 3)
-17
0 + 2 + 9 - (-776 - -776)
11
What is 30 + -7 + (-21 - -28)?
30
Evaluate (23 + 31 - 38) + -21.
-5
Calculate -2 - (3 + -2 + 5) - (-13 + 7).
-2
What is (6 - -11) + -17 + 10?
10
What is -3 + (-6 + 13 - -4 - 24)?
-16
What is the value of (-39 - -36 - -76) + -42?
31
Evaluate -17 + (-2 - -11 - 6).
-14
Calculate -43 - -9 - -3 - (-2 + -4).
-25
What is (-6 - -4) + -93 + 112?
17
What is the value of -1 + 19 + (96 - 113) + -17 + 0?
-16
What is -13 + 8 + (30 - -2)?
27
Calculate 5 - ((4 - 17 - -5) + 19).
-6
What is 15 + 3 - ((28 - 7) + -19)?
16
Calculate -14 + (11 - 16) - (-6 - 2).
-11
Evaluate 8 + (-15 - -6) + -7 - -10.
2
What is 12 + 20 + -26 - (1 - (2 - 15))?
-8
What is the value of (7 - (-5 + 22)) + 8?
-2
Evaluate 77 + -77 + -8 - (16 + -2).
-22
Evaluate -7 + (10 - 11 - -8) + -1.
-1
What is the value of -1 + 3 - (-16 + 7 - -6)?
5
What is (3 - (4 - 2)) + (22 + -7 - 7)?
9
42 + -62 + 5 + 0
-15
What is the value of (5 - 11) + 0 + 9?
3
-20 - (-9 - 1) - -2 - (-7 + -16)
15
Evaluate 8 + (0 + -3 - -9 - 14).
0
What is the value of (-5 - -5 - 2) + -4 + 7 + -18?
-17
Calculate (-6 - 23) + 15 + (-1 - 3).
-18
What is the value of 8 + -2 - (3 - (10 - (10 - 7)))?
10
Evaluate 1 + -12 + 29 + 10 + (1 - -2).
31
What is the value of -28 + (-13 + 31 - -32)?
22
What is (-14 + 6 - -14) + (4 - (2 - 3))?
11
Evaluate 15 + -1 - (-29 - -44).
-1
What is the value of (-10 + -2 - -6) + -13 - -12?
-7
What is the value of 589 + -582 - (1 + 15)?
-9
What is 6 + (-15 - (6 - 13 - -4))?
-6
-20 - ((6 + -1 - 7) + 8 + -9)
-17
Calculate 21 + -15 + 4 + 12 + -8 - 4.
10
What is 0 + 5 + (91 - 86 - (-1 - 6))?
17
What is the value of -2 + (-30 + 10 - -6)?
-16
Evaluate -9 - (24 - 20 - (-1 + 2)).
-12
Calculate -1 - (8 + (6 - 11) + 0).
-4
What is -13 - ((1 - 6 - -15) + -15)?
-8
What is (-16 - -24) + (-2 - (3 - 7))?
10
What is 7 - (-5 + 28 - 7)?
-9
What is the value of 12 - (-15 + 33 + -7 + -17)?
18
What is -65 - -94 - (15 + -1)?
15
-11 + -11 + 12 + -1
-11
What is the value of -1 + 6 + (2 - (-9 + 6 + 23))?
-13
Calculate -7 + 14 - (-3 + (5 - (0 + 6))).
11
What is 1 + (2 - -4 - 10 - (-4 - 3))?
4
(4 - (1 + -2)) + -2 - (59 + -68)
12
Calculate 10 + (-22 - (-8 + -2 - -9)).
-11
Calculate -12 + (20 - (1 + 9 + 0)).
-2
Calculate -3 + (2 - 3) - (3 + -8).
1
277 - 293 - (-11 + 1)
-6
What is the value of -11 + 3 + -4 + 14?
2
What is -33 - (-1 - (1 + 0 - (3 + -4)))?
-30
(-3 + 0 - -13 - (-118 + 154)) + 7
-19
What is the value of 7 + (54 - 51) + (1 + 2 - 5)?
8
(7 - 3) + (54 - 54) - (-18 + -1)
23
What is the value of -3 + (35 - (11 - (7 - 3)) - -4)?
29
What is 1 + 26 - (94 + -83)?
16
Calculate 21 + -9 + (-2 - 2) + 4.
12
Evaluate 4 + 25 + 3 - 17.
15
Calculate -2 - -4 - (-1 - (-23 + 9)).
-11
Calculate -20 - ((38 - 53) + (7 - (0 + 0))).
-12
-9 + 3 - (-6 - 0) - (-39 - -10)
29
Evaluate 2 + (2 - 3 - (-13 - -18)).
-4
Calculate 3 + -13 - (18 - (-2 + 40)).
10
(5 - -6) + -54 + 57
14
0 + -1 + (-157 - -161) + -1 + -2
0
Evaluate 0 + -23 + (7 + 7 + -14 - 2).
-25
Calculate (-7 - (-4 + 3) - -2) + -3.
-7
(-8 - 12 - (1 - 11)) + 31
21
Evaluate 7 + 4 + (4 - 10).
5
18 + -30 + 14 - -14
16
25 - (-9 - (-15 + -8))
11
Calculate (-3 - (-3 + 6)) + 110 + -88.
16
Calculate -5 + 25 + -32 - -25.
13
What is 2 + 1 + (-94 - -101)?
10
Calculate 9 - (8 - (-46 + 8)) - -15.
-22
What is the value of 10 + -13 + (-9 + 14 - -18)?
20
What is the value of -3 + (13 - (8 - -7)) - 9?
-14
Evaluate -15 + 1 + -2 + (-578 - -568).
-26
Evaluate -29 + 14 + -12 - (9 - 13).
-23
What is the value of -3 - (10 + (-4 - (2 - (5 + -5))))?
-7
What is -28 + -14 + 17 + 5?
-20
What is 1 + 17 - (-4 + (11 + 4 - 10))?
17
-2 + 9 + 3 - (0 - (-1 + 2))
11
What is the value of (3 - (18 - 22 - (0 + -10))) + 5?
2
Calculate 5 - (2 + -17 + 26).
-6
2 + (4 - 16) + 16
6
Calculate -13 + (1 - (-19 + 2)).
5
-24 + 5 + (2 - 6) + 9
-14
What is 5 + -17 + -2 + 24?
10
Calculate 78 - 106 - -51 - (1 + 10 - 2).
14
What is -7 + (32 - (43 - 22))?
4
Evaluate -5 + (-76 + 75 - ((-1 - 2) + 4)).
-7
Calculate 13 + (22 - (-15 + (-18 - -37))).
31
Calculate -4 - 1 - (-4 + (4 - (-4 + -3))).
-12
(4 - (-19 + 20)) + 1 + -18 - 5
-19
-18 - (-32 + 19 - -8)
-13
What is 22 + (13 - 12) + -11?
12
What is the value of 10 + 0 - (-41 + 5 + 31)?
15
Evaluate 63 - 56 - (1 - 2 - (1 + 3)).
12
Evaluate -28 - (14 - 19 - -6).
-29
-141 + 152 - (14 + -1)
-2
Evaluate 39 + -27 - (-1 + -2 + 10).
5
Calculate -18 - (34 - (0 - -18) - 19).
-15
-2 + -2 - (1 - (0 - -3) - -8)
-10
What is the value of 1 + -5 - (-347 + 355)?
-12
What is 12 + -23 + 16 + -12 - 16?
-23
What is 12 + (7 + -9 - 3) - -10?
17
What is the value of (-7 - -8 